
True
Is 58140 a multiple of 153?
True
Is 16290400 a multiple of 40?
True
Does 609 divide 1755747?
True
Is 3646400 a multiple of 49?
False
Does 26 divide 982618?
True
Does 151 divide 8932289?
False
Is 31066 a multiple of 14?
True
Is 24570513 a multiple of 99?
True
Does 40 divide 214561?
False
Is 25 a factor of 2031586?
False
Is 315738 a multiple of 3?
True
Does 13 divide 3423660?
False
Is 328 a factor of 79052?
False
Is 259581 a multiple of 7?
True
Is 1088802 a multiple of 282?
True
Is 103 a factor of 681737?
False
Is 245275 a multiple of 237?
False
Does 115 divide 470580?
True
Is 47505 a multiple of 224?
False
Is 2 a factor of 1758681?
False
Is 58 a factor of 3879694?
False
Is 55055 a multiple of 77?
True
Is 9679418 a multiple of 9?
False
Is 372 a factor of 3605052?
True
Is 99 a factor of 2524401?
True
Does 30 divide 15664980?
True
Does 62 divide 809450?
False
Does 3 divide 177569?
False
Does 115 divide 4350314?
False
Is 10 a factor of 253796?
False
Is 34 a factor of 36578492?
True
Does 26 divide 3399782?
False
Is 113540 a multiple of 111?
False
Is 117572 a multiple of 221?
True
Is 3 a factor of 139742?
False
Does 4 divide 481992?
True
Is 158 a factor of 212169?
False
Is 4610 a multiple of 20?
False
Is 302163 a multiple of 7?
False
Is 2505375 a multiple of 293?
False
Is 24 a factor of 7990008?
True
Is 82726 a multiple of 281?
False
Is 74889 a multiple of 3?
True
Is 347328 a multiple of 134?
True
Is 20 a factor of 1146474?
False
Is 5081776 a multiple of 470?
False
Is 7 a factor of 120935?
False
Is 416006 even?
True
Does 3 divide 131706?
True
Is 119179 a multiple of 18?
False
Does 99 divide 93920?
False
Is 1587888 a multiple of 12?
True
Is 30 a factor of 746610?
True
Is 1451 a factor of 4595317?
True
Is 7 a factor of 832640?
False
Is 489210 a multiple of 15?
True
Is 972 a factor of 9529616?
False
Does 77 divide 82159?
True
Does 24 divide 6504?
True
Is 3 a factor of 23580?
True
Is 26092 a multiple of 13?
False
Is 1697312 a multiple of 248?
True
Is 415 a factor of 28220?
True
Does 197 divide 15141?
False
Is 37449 a multiple of 6?
False
Is 2984859 a multiple of 334?
False
Does 21 divide 1652868?
True
Does 218 divide 1248050?
True
Is 800226 a multiple of 511?
True
Is 37 a factor of 293985?
False
Does 13 divide 1051224?
False
Is 2114600 a multiple of 50?
True
Does 99 divide 1010566?
False
Is 1926810 a multiple of 271?
True
Does 34 divide 870085?
False
Does 110 divide 627440?
True
Is 48 a factor of 212865?
False
Does 7 divide 117295?
False
Is 2040 a factor of 9306253?
False
Does 202 divide 217163?
False
Is 17 a factor of 4129?
False
Does 34 divide 339563?
False
Is 215 a factor of 73174?
False
Does 454 divide 32688?
True
Does 41 divide 180687?
True
Is 437 a factor of 810601?
False
Does 528 divide 1406767?
False
Is 4024467 a multiple of 139?
True
Is 117 a factor of 210306?
False
Is 2 a factor of 8048?
True
Is 147798 a multiple of 34?
True
Does 7 divide 3120140?
False
Does 127 divide 4321194?
False
Is 740655 a multiple of 136?
False
Is 811708 a multiple of 102?
False
Does 20 divide 304340?
True
Does 180 divide 1798380?
True
Is 119 a factor of 2059298?
False
Is 17841952 a multiple of 1504?
True
Is 5829 a multiple of 67?
True
Is 1547 a factor of 643552?
True
Is 7 a factor of 798189?
True
Is 18 a factor of 482022?
True
Is 17071 a multiple of 11?
False
Is 17 a factor of 10580?
False
Is 789165 a multiple of 116?
False
Does 19 divide 411654?
True
Is 1061694 a multiple of 264?
False
Does 11 divide 329274?
True
Does 37 divide 5525802?
True
Is 39 a factor of 149276?
False
Is 386013 a multiple of 577?
True
Is 14 a factor of 2117150?
True
Is 58624 a multiple of 32?
True
Is 110448 a multiple of 16?
True
Does 49 divide 353513?
False
Does 14 divide 2589496?
True
Is 4288187 a multiple of 699?
False
Does 219 divide 1068877?
False
Is 304 a factor of 4267552?
True
Does 49 divide 1905130?
False
Is 21 a factor of 29729133?
True
Is 2247630 a multiple of 330?
True
Does 55 divide 5729130?
True
Is 17 a factor of 254672?
False
Is 15 a factor of 25919513?
False
Does 119 divide 422682?
False
Is 328 a factor of 2618325?
False
Is 198 a factor of 69441?
False
Is 506654 a multiple of 126?
False
Does 91 divide 3803072?
True
Is 305557 a multiple of 634?
False
Is 9 a factor of 167310?
True
Does 142 divide 1847603?
False
Is 43011 a multiple of 130?
False
Does 494 divide 2138526?
True
Does 7 divide 132573?
True
Does 10 divide 271561?
False
Does 27 divide 299808?
True
Is 6 a factor of 503787?
False
Is 228481 a multiple of 17?
False
Is 377343 a multiple of 6?
False
Is 17 a factor of 374497?
False
Is 3839508 a multiple of 15?
False
Is 23 a factor of 2410422?
False
Is 7 a factor of 9289?
True
Does 13 divide 26938?
False
Does 16 divide 721745?
False
Is 1181090 a multiple of 610?
False
Does 20 divide 48640?
True
Does 45 divide 4588290?
True
Does 92 divide 929384?
True
Is 56741 a multiple of 135?
False
Is 4 a factor of 134929?
False
Does 8 divide 29827?
False
Is 1248 a factor of 25563668?
False
Does 31 divide 850979?
False
Is 37486 a multiple of 226?
False
Is 577 a factor of 894927?
True
Is 11 a factor of 1273690?
True
Is 33 a factor of 1837572?
True
Is 713 a factor of 775031?
True
Does 531 divide 536841?
True
Is 125868 a multiple of 68?
True
Is 7 a factor of 574527?
False
Is 6594604 a multiple of 164?
True
Is 4712488 a multiple of 88?
True
Is 15 a factor of 1718895?
True
Is 523149 a multiple of 229?
False
Is 535727 a multiple of 110?
False
Is 39 a factor of 2199522?
True
Is 984597 a multiple of 74?
False
Does 35 divide 102928?
False
Is 20 a factor of 141940?
True
Is 13 a factor of 900055?
True
Is 1899888 a multiple of 793?
False
Is 114268 a multiple of 6?
False
Is 42 a factor of 663684?
True
Is 29283 a multiple of 2?
False
Is 267 a factor of 18402648?
False
Is 127665 a multiple of 14?
False
Is 59340 a multiple of 430?
True
Is 23 a factor of 1038246?
False
Is 459448 a multiple of 454?
True
Does 26 divide 33436?
True
Is 378 a factor of 1464422?
False
Is 278 a factor of 313379?
False
Does 89 divide 125794?
False
Does 77 divide 397136?
False
Is 8 a factor of 204248?
True
Is 95 a factor of 45980?
True
Does 730 divide 6956900?
True
Is 145260 a multiple of 9?
True
Does 58 divide 4944655?
False
Does 50 divide 634048?
False
Does 585 divide 65520?
True
Is 39 a factor of 157166?
False
Is 112 a factor of 907984?
True
Is 726 a factor of 223940?
False
Is 13 a factor of 2140298?
False
Is 32 a factor of 1399424?
True
Does 58 divide 312040?
True
Is 71782 a multiple of 8?
False
Is 11392 a multiple of 277?
False
Is 87 a factor of 374866?
False
Is 1300387 a multiple of 121?
True
Is 31 a factor of 302343?
True
Does 26 divide 64099?
False
Is 1609974 a multiple of 59?
False
Does 8 divide 6029184?
True
Is 54 a factor of 254934?
True
Does 38 divide 327522?
True
Is 119 a factor of 1431026?
False
Is 18 a factor of 1021805?
False
Does 38 divide 1311874?
True
Does 6 divide 79675?
False
Does 6 divide 141390?
True
Is 73 a factor of 23804741?
False
Is 178 a factor of 6942?
True
Does 192 divide 740447?
False
Is 188862 a multiple of 6?
True
Does 21 divide 224763?
True
Does 440 divide 207240?
True
Is 1272880 a multiple of 28?
True
Does 14 divide 660454?
False
Is 38 a factor of 595359?
False
Does 30 divide 111412?
False
Is 2128485 a multiple of 258?
False
Does 47 divide 325921?
False
Is 29 a factor of 92191?
True
Does 722 divide 9505502?
False
Is 524680 a multiple of 40?
True
Does 17 divide 69734?
True
Is 14004752 a multiple of 1178?
False
Does 152 divide 3580402?
False
Is 91872 a multiple of 32?
True
Is 734478 a multiple of 625?
False
Is 12 a factor of 3761978?
False
Does 92 divide 455032?
True
Is 48 a factor of 934885?
False
Does 56 divide 64008?
True
Does 57 divide 9155?
False
Is 1843191 a multiple of 50?
False
Does 167 divide 1829875?
False
Is 141900 a multiple of 43?
True
Is 320169 a multiple of 89?
False
Is 17 a factor of 1452361?
True
Is 38 a factor of 95807?
False
Does 25 divide 1792150?
True
Does 75 divide 64575?
True
Is 245 a factor of 204330?
True
Is 5713282 a multiple of 1567?
True
Is 1284798 a multiple of 7?
False
Is 3 a factor of 529532?
False
Is 1005019 a multiple of 4?
False
Does 291 divide 2415882?
True
Does 15 divide 3365190?
True
Does 34 divide 1394459?
False
Does 155 divide 1189005?
True
Is 45 a factor of